{"id":814,"date":"2014-01-15T13:05:00","date_gmt":"2014-01-15T13:05:00","guid":{"rendered":"http:\/\/zlatykun.com\/?page_id=814"},"modified":"2025-02-10T19:21:44","modified_gmt":"2025-02-10T19:21:44","slug":"historicke-podzemi-2","status":"publish","type":"page","link":"https:\/\/zlatykun.com\/?page_id=814","title":{"rendered":"Ostatn\u00ed podzem\u00ed"},"content":{"rendered":"<p>Krom\u011b \u010dinnosti v krasov\u00fdch oblastech se \u010dlenov\u00e9 skupiny zab\u00fdvaj\u00ed t\u00e9\u017e pr\u016fzkumem a dokumentac\u00ed um\u011bl\u00fdch podzemn\u00edch prostor, vznikl\u00fdch \u010dinnost\u00ed \u010dlov\u011bka v r\u016fzn\u00fdch \u010dasov\u00fdch obdob\u00edch. Geneticky jde p\u0159edev\u0161\u00edm o podzem\u00ed, v\u00e1zan\u00e9 na hornick\u00e9 ter\u00e9ny. A\u010d je v\u00a0sou\u010dasnosti podzemn\u00ed t\u011b\u017eebn\u00ed \u010dinnost na \u00fazem\u00ed republiky v\u00a0podstat\u011b zlikvidov\u00e1na, nelze zapom\u00ednat, \u017ee v\u00a0minulosti byl prostor \u010cesk\u00e9ho masivu intenzivn\u011b exploatov\u00e1n a existuje zde \u0161irok\u00e1 \u0161k\u00e1la morfologicky velmi r\u016fznorod\u00fdch podzemn\u00edch prostor po zm\u00edn\u011bn\u00e9 historick\u00e9 t\u011b\u017eb\u011b. Vstupy do hornick\u00e9ho podzem\u00ed jsou st\u00e1tem evidov\u00e1ny a v\u011bt\u0161inov\u011b aplanov\u00e1ny, nebo zaji\u0161t\u011bny. \u010cas od \u010dasu se v\u0161ak vyskytnou nenad\u00e1l\u00e9 propady ter\u00e9nu, kter\u00e9 signalizuj\u00ed nepodchycen\u00e9, nebo nedostate\u010dn\u011b likvidovan\u00e9 vstupy do podzem\u00ed. N\u00e1sledn\u00fd pr\u016fzkum a topografick\u00e1 dokumentace takov\u00fdch projev\u016f \u010dasto pom\u016f\u017ee l\u00e9pe pochopit geometrii t\u011b\u017een\u00fdch struktur, celkov\u00fd rozsah rozf\u00e1r\u00e1n\u00ed a odhalit dal\u0161\u00ed, dosud skryt\u00e1 rizika, kter\u00e1 by bylo vhodn\u00e9 \u0159e\u0161it. \u010casto doch\u00e1z\u00ed p\u0159i takov\u00fdch ne\u010dekan\u00fdch objevech i k\u00a0identifikaci znak\u016f, kter\u00e9 maj\u00ed v\u00fdznam pro archeologick\u00e9 b\u00e1d\u00e1n\u00ed (vytesan\u00e9 letopo\u010dty, postupov\u00e9 zna\u010dky, n\u00e1lezy artefakt\u016f apod.) a mohou b\u00fdt podstatou kulturn\u00edho d\u011bdictv\u00ed. Pr\u016fzkum relikt\u016f hornick\u00e9ho podzem\u00ed a jeho dokumentace tak m\u016f\u017ee b\u00fdt, p\u0159i zaji\u0161t\u011bn\u00ed pot\u0159ebn\u00e9 bezpe\u010dnosti, v\u00fdznamn\u00fdm p\u0159\u00ednosem pro spole\u010dnost a zdrojem mo\u017en\u00fdch zp\u0159esn\u011bn\u00ed a dopln\u011bn\u00ed st\u00e1vaj\u00edc\u00ed archivovan\u00e9 dokumentace podzem\u00ed.<\/p>\n<p>V\u00a0tomto sv\u011btle je nutn\u00e9 zm\u00ednit nap\u0159. dokumentaci star\u00e9 dob\u00fdvky st\u0159edov\u011bk\u00e9ho dolu na zlato pod historickou z\u00e1stavbou v Ka\u0161persk\u00fdch Hor\u00e1ch. Jednalo se o t\u00e9m\u011b\u0159 vertik\u00e1ln\u00ed dob\u00fdvku \u0161\u00ed\u0159e okolo 1 m a hloubky minim\u00e1ln\u011b 15 m. \u010cerp\u00e1n\u00edm vody bylo dosa\u017eeno pravd\u011bpodobn\u00e9ho dna t\u00e9to \u010d\u00e1sti dob\u00fdvky, i kdy\u017e lze usuzovat, \u017ee jist\u011b v jin\u00fdch \u010d\u00e1stech pokra\u010duje hloub\u011bji. Po n\u011bjak\u00e9 dob\u011b byla dutina, na \u017e\u00e1dost ministerstva \u017eivotn\u00edho prost\u0159ed\u00ed, zlikvidov\u00e1na betonovou v\u00fdpln\u00ed s protiradonovou z\u00e1tkou, p\u0159i\u010dem\u017e p\u0159ed likvidac\u00ed vznikla, jako v\u00fdstup \u010dinnosti \u010dlen\u016f skupiny, podrobn\u00e1 dokumentace d\u00edla a videoz\u00e1znam.<\/p>\n<p>V\u00a0dob\u011b p\u0159ekotn\u00e9ho \u00fatlumu t\u011b\u017eby prov\u00e1d\u011bla \u0159ada \u010dlen\u016f z\u00e1chrann\u00e9 pr\u016fzkumy historick\u00e9ho hornick\u00e9ho podzem\u00ed (nap\u0159. Ka\u0148k u Kutn\u00e9 Hory) nebo po\u0159izovali kr\u00e1tk\u00e9 dokument\u00e1rn\u00ed videoz\u00e1znamy, mapuj\u00edc\u00ed \u010dasto unik\u00e1tn\u00ed technick\u00e9 vybaven\u00ed t\u011bchto zanikaj\u00edc\u00edch provoz\u016f (Hodon\u00edn, P\u0159\u00edbram, Str\u00e1\u017e pod Ralskem, Kutn\u00e1 Hora, B\u0159ezinka aj.).<\/p>\n<p><span style=\"font-size: 1rem;\">Krom\u011b hornick\u00e9ho podzem\u00ed se \u010dlenov\u00e9 skupiny v\u011bnuj\u00ed dokumentaci technick\u00e9ho podzem\u00ed, jako nap\u0159. vodn\u00ed kan\u00e1ly (Strahov) a p\u0159ivad\u011b\u010de ke star\u00fdm vodn\u00edm ml\u00fdn\u016fm (\u010cerven\u00e1 Lhota, Doln\u00ed L\u00e1nov) \u010di sklepen\u00ed a studny (Ho\u0159ovice, Tuchom\u011b\u0159ice).<\/span><\/p>\n","protected":false},"excerpt":{"rendered":"<p>Krom\u011b \u010dinnosti v krasov\u00fdch oblastech se \u010dlenov\u00e9 skupiny zab\u00fdvaj\u00ed t\u00e9\u017e pr\u016fzkumem a dokumentac\u00ed um\u011bl\u00fdch podzemn\u00edch prostor, vznikl\u00fdch \u010dinnost\u00ed \u010dlov\u011bka v r\u016fzn\u00fdch \u010dasov\u00fdch obdob\u00edch. Geneticky jde p\u0159edev\u0161\u00edm o podzem\u00ed, v\u00e1zan\u00e9 na hornick\u00e9 ter\u00e9ny. A\u010d je v\u00a0sou\u010dasnosti podzemn\u00ed t\u011b\u017eebn\u00ed \u010dinnost na \u00fazem\u00ed republiky v\u00a0podstat\u011b zlikvidov\u00e1na, nelze zapom\u00ednat, \u017ee v\u00a0minulosti byl prostor \u010cesk\u00e9ho masivu intenzivn\u011b exploatov\u00e1n a existuje [&hellip;]<\/p>\n","protected":false},"author":3,"featured_media":0,"parent":38,"menu_order":2,"comment_status":"closed","ping_status":"closed","template":"","meta":{"footnotes":""},"class_list":["post-814","page","type-page","status-publish","hentry"],"_links":{"self":[{"href":"https:\/\/zlatykun.com\/index.php?rest_route=\/wp\/v2\/pages\/814","targetHints":{"allow":["GET"]}}],"collection":[{"href":"https:\/\/zlatykun.com\/index.php?rest_route=\/wp\/v2\/pages"}],"about":[{"href":"https:\/\/zlatykun.com\/index.php?rest_route=\/wp\/v2\/types\/page"}],"author":[{"embeddable":true,"href":"https:\/\/zlatykun.com\/index.php?rest_route=\/wp\/v2\/users\/3"}],"replies":[{"embeddable":true,"href":"https:\/\/zlatykun.com\/index.php?rest_route=%2Fwp%2Fv2%2Fcomments&post=814"}],"version-history":[{"count":4,"href":"https:\/\/zlatykun.com\/index.php?rest_route=\/wp\/v2\/pages\/814\/revisions"}],"predecessor-version":[{"id":1374,"href":"https:\/\/zlatykun.com\/index.php?rest_route=\/wp\/v2\/pages\/814\/revisions\/1374"}],"up":[{"embeddable":true,"href":"https:\/\/zlatykun.com\/index.php?rest_route=\/wp\/v2\/pages\/38"}],"wp:attachment":[{"href":"https:\/\/zlatykun.com\/index.php?rest_route=%2Fwp%2Fv2%2Fmedia&parent=814"}],"curies":[{"name":"wp","href":"https:\/\/api.w.org\/{rel}","templated":true}]}}