{"id":50,"date":"2012-01-28T12:29:33","date_gmt":"2012-01-28T12:29:33","guid":{"rendered":"http:\/\/www.zlatykun.com\/?page_id=50"},"modified":"2025-02-10T19:11:35","modified_gmt":"2025-02-10T19:11:35","slug":"nova-propast","status":"publish","type":"page","link":"https:\/\/zlatykun.com\/?page_id=50","title":{"rendered":"Nov\u00e1 propast"},"content":{"rendered":"<p>Le\u017e\u00ed ve st\u011bn\u011b b\u00fdval\u00e9ho C\u00edsa\u0159sk\u00e9ho lomu (nyn\u011bj\u0161\u00ed lom z\u00e1pad podniku V\u010cS a.s.). Vstup byl odkryt po odst\u0159elu v\u00a0lomu, p\u0159i\u010dem\u017e p\u016fvodn\u011b \u0161lo o celkem t\u0159i d\u00edl\u010d\u00ed vchody. Jeden byl pozd\u011bji znep\u0159\u00edstupn\u011bn z\u00e1sypem, jeden byl zaji\u0161t\u011bn zazd\u00edvkou a posledn\u00ed byl \u0159adu let osazen ocelovou m\u0159\u00ed\u017e\u00ed. V roce 2016 byl tento hlavn\u00ed vchod zabezpe\u010den nov\u00fdm nerezov\u00fdm uz\u00e1v\u011brem (rovn\u011b\u017e tak d\u0159\u00edve zazd\u011bn\u00fd vchod), kter\u00fd zabra\u0148uje promrz\u00e1n\u00ed jeskyn\u011b. Z\u00e1rove\u0148 do\u0161lo k\u00a0zaji\u0161t\u011bn\u00ed vstupn\u00edho port\u00e1lu op\u011brn\u00fdmi zdmi, aby byla zv\u00fd\u0161ena odolnost st\u011bn v\u016f\u010di rozvol\u0148ov\u00e1n\u00ed, kter\u00e9 \u0159adu let ohro\u017euje vstupn\u00ed \u010d\u00e1sti jeskyn\u011b. Za hlavn\u00edm vstupem se nach\u00e1z\u00ed strm\u011b klesaj\u00edc\u00ed chodba, kter\u00e1 sleduje tektonickou subvertik\u00e1ln\u00ed linii. Nedaleko za vstupem se v\u00a0po\u010dv\u011b otev\u00edr\u00e1 \u00fast\u00ed propasti, kter\u00e1 byla v roce 2024 p\u0159eklenuta nov\u011b osazen\u00fdm m\u016fstkem s nerezov\u00fdm z\u00e1bradl\u00edm. Dal\u0161\u00ed propast pak zp\u0159\u00edstup\u0148uje nerezov\u00fd \u017eeb\u0159. Zbytek jeskyn\u011b je p\u0159\u00edstupn\u00fd bez technick\u00fdch prost\u0159edk\u016f. V\u00a0posledn\u00ed dob\u011b je v\u00a0jeskyni, krom\u011b \u00fadr\u017eby (vykl\u00edzen\u00ed star\u00fdch z\u00e1t\u011b\u017e\u00ed a konstrukc\u00ed, opravy uz\u00e1v\u011br\u016f), prov\u00e1d\u011bna prolonga\u010dn\u00ed \u010dinnost v\u00a0severn\u00edm sm\u011bru, dosud bez v\u00fdznamn\u011bj\u0161\u00edch objev\u016f. Jeskyn\u011b je zaj\u00edmav\u00e1 jednak sv\u00fdm rozsahem (\u0159\u00e1dov\u011b stovky metr\u016f chodeb s\u00a0velkou denivelac\u00ed) a charakterem a jednak v\u00fdzdobou (slupi\u010dkovit\u00e1 v\u00fdzdoba, kalcitov\u00e9 krystaly, pisolity).<\/p>\n","protected":false},"excerpt":{"rendered":"<p>Le\u017e\u00ed ve st\u011bn\u011b b\u00fdval\u00e9ho C\u00edsa\u0159sk\u00e9ho lomu (nyn\u011bj\u0161\u00ed lom z\u00e1pad podniku V\u010cS a.s.). Vstup byl odkryt po odst\u0159elu v\u00a0lomu, p\u0159i\u010dem\u017e p\u016fvodn\u011b \u0161lo o celkem t\u0159i d\u00edl\u010d\u00ed vchody. Jeden byl pozd\u011bji znep\u0159\u00edstupn\u011bn z\u00e1sypem, jeden byl zaji\u0161t\u011bn zazd\u00edvkou a posledn\u00ed byl \u0159adu let osazen ocelovou m\u0159\u00ed\u017e\u00ed. V roce 2016 byl tento hlavn\u00ed vchod zabezpe\u010den nov\u00fdm nerezov\u00fdm uz\u00e1v\u011brem (rovn\u011b\u017e [&hellip;]<\/p>\n","protected":false},"author":3,"featured_media":0,"parent":816,"menu_order":0,"comment_status":"closed","ping_status":"open","template":"sidebar-page.php","meta":{"footnotes":""},"class_list":["post-50","page","type-page","status-publish","hentry"],"_links":{"self":[{"href":"https:\/\/zlatykun.com\/index.php?rest_route=\/wp\/v2\/pages\/50","targetHints":{"allow":["GET"]}}],"collection":[{"href":"https:\/\/zlatykun.com\/index.php?rest_route=\/wp\/v2\/pages"}],"about":[{"href":"https:\/\/zlatykun.com\/index.php?rest_route=\/wp\/v2\/types\/page"}],"author":[{"embeddable":true,"href":"https:\/\/zlatykun.com\/index.php?rest_route=\/wp\/v2\/users\/3"}],"replies":[{"embeddable":true,"href":"https:\/\/zlatykun.com\/index.php?rest_route=%2Fwp%2Fv2%2Fcomments&post=50"}],"version-history":[{"count":3,"href":"https:\/\/zlatykun.com\/index.php?rest_route=\/wp\/v2\/pages\/50\/revisions"}],"predecessor-version":[{"id":1371,"href":"https:\/\/zlatykun.com\/index.php?rest_route=\/wp\/v2\/pages\/50\/revisions\/1371"}],"up":[{"embeddable":true,"href":"https:\/\/zlatykun.com\/index.php?rest_route=\/wp\/v2\/pages\/816"}],"wp:attachment":[{"href":"https:\/\/zlatykun.com\/index.php?rest_route=%2Fwp%2Fv2%2Fmedia&parent=50"}],"curies":[{"name":"wp","href":"https:\/\/api.w.org\/{rel}","templated":true}]}}